1110101 (base 2) to base 8.
10565
Convert -670 (base 8) to base 3.
-121022
Convert 5db1 (base 14) to base 11.
11380
What is 6b (base 12) in base 5?
313
Convert 1b (base 14) to base 11.
23
Convert 10001111111011 (base 2) to base 15.
2ae1
Convert 665 (base 14) to base 8.
2361
What is -7b5d (base 15) in base 13?
-bbc6
1111101111 (base 2) to base 5
13012
What is -212 (base 10) in base 15?
-e2
What is -3044442 (base 5) in base 4?
-30031031
What is -692 (base 12) in base 4?
-33032
-6c14 (base 15) to base 13
-a5bb
Convert -76879 (base 10) to base 3.
-10220110101
552 (base 12) to base 7
2165
Convert -347 (base 10) to base 14.
-1ab
1100111111 (base 2) to base 10
831
Convert 382 (base 14) to base 4.
22332
-12122102 (base 3) to base 12
-246b
29c (base 13) to base 7
1235
What is 137306 (base 8) in base 6?
1014034
What is 147b (base 12) in base 15?
a9e
-2371 (base 9) to base 3
-2102101
What is -2155 (base 14) in base 12?
-33bb
Convert -20212210 (base 3) to base 15.
-1746
22aa (base 15) to base 12
4314
What is 3b4 (base 13) in base 14?
34a
1001122100 (base 3) to base 4
11012100
Convert 143b (base 13) to base 4.
231223
111001001000 (base 2) to base 8
7110
What is -25504 (base 7) in base 4?
-1221232
Convert -111111 (base 3) to base 9.
-444
1000000110010010 (base 2) to base 15
9c65
-4154 (base 6) to base 2
-1110100110
-155222 (base 6) to base 7
-62651
What is 253b (base 15) in base 3?
101212202
What is -331 (base 6) in base 12?
-a7
11012 (base 5) to base 11
629
6b30 (base 13) to base 3
202200112
What is -12cb (base 13) in base 3?
-10201002
Convert 112310 (base 6) to base 16.
2592
Convert -42417 (base 9) to base 16.
-6d8a
Convert -11214 (base 7) to base 8.
-5445
Convert 102d6 (base 14) to base 13.
14999
What is -1103 (base 10) in base 11?
-913
6344 (base 9) to base 14
19a9
What is -2 (base 3) in base 16?
-2
Convert -13450 (base 9) to base 4.
-2032131
574 (base 10) to base 13
352
Convert 116 (base 7) to base 14.
46
What is 257 (base 16) in base 4?
21113
Convert 356b (base 16) to base 3.
200202111
-411 (base 5) to base 10
-106
Convert 73 (base 12) to base 10.
87
What is 101110100101101 (base 2) in base 13?
ab1b
Convert -13233301 (base 4) to base 3.
-1121112011
19a (base 16) to base 15
1c5
What is 312022 (base 4) in base 12?
200a
What is -101111101111110 (base 2) in base 15?
-739b
Convert 18230 (base 10) to base 6.
220222
Convert 97 (base 10) to base 13.
76
-10517 (base 9) to base 10
-6982
What is -1e63 (base 15) in base 4?
-1213122
Convert 1220010 (base 3) to base 15.
620
What is -4497 (base 10) in base 9?
-6146
Convert 1bc (base 15) to base 13.
24c
What is -679 (base 14) in base 6?
-5535
-1081 (base 9) to base 16
-322
Convert -401213 (base 5) to base 3.
-122101202
Convert -120201 (base 3) to base 4.
-12220
-1ae (base 15) to base 5
-3024
23125 (base 7) to base 11
4483
-1520 (base 14) to base 3
-12010222
Convert 6315 (base 10) to base 13.
2b4a
Convert 16860 (base 13) to base 4.
22202211
5000 (base 6) to base 12
760
-12213103 (base 4) to base 5
-1331331
-6a41 (base 11) to base 12
-5421
What is 79 (base 15) in base 2?
1110010
What is -a4b (base 15) in base 8?
-4421
What is -202434 (base 5) in base 3?
-100002011
What is 856c (base 15) in base 8?
67103
Convert -26300 (base 7) to base 8.
-15537
What is 2357 (base 9) in base 16?
6d9
Convert 1000100010000 (base 2) to base 14.
1840
10432 (base 5) to base 10
742
What is 3707 (base 8) in base 5?
30431
Convert 57 (base 12) to base 7.
124
What is -10100100100111 (base 2) in base 7?
-42500
What is 52 (base 16) in base 5?
312
-1002001 (base 5) to base 14
-5b00
267 (base 8) to base 12
133
What is 1515 (base 11) in base 8?
3640
-5304 (base 7) to base 9
-2503
What is 75314 (base 9) in base 5?
3043303
Convert 360 (base 8) to base 5.
1430
What is -10100100110 (base 2) in base 16?
-526
-11321113 (base 4) to base 7
-130261
Convert 1011010001 (base 2) to base 11.
5a6
-110221212 (base 3) to base 2
-10010011100110
2596 (base 12) to base 3
12212220
Convert a711 (base 14) to base 3.
1110112200
4409 (base 13) to base 10
9473
10cb3 (base 13) to base 15
9190
-23 (base 11) to base 12
-21
Convert -1531 (base 7) to base 14.
-318
2875 (base 11) to base 12
2194
Convert 32420 (base 5) to base 14.
b59
Convert -188 (base 16) to base 12.
-288
757 (base 11) to base 7
2436
What is 20b (base 13) in base 5?
2344
Convert 2529 (base 10) to base 13.
11c7
What is -62413 (base 7) in base 10?
-15298
Convert -76 (base 15) to base 10.
-111
What is -2b1 (base 12) in base 14?
-221
861e (base 15) to base 3
1102221002
Convert -10222010 (base 3) to base 16.
-b4c
11001011101 (base 2) to base 8
3135
-30430 (base 7) to base 5
-214140
Convert 437 (base 8) to base 7.
560
1458 (base 9) to base 16
452
What is -90c1 (base 13) in base 14?
-7398
What is 2bd4 (base 16) in base 6?
123540
Convert -5a3 (base 11) to base 9.
-877
What is 223212 (base 4) in base 6?
20530
-440201 (base 6) to base 13
-13720
What is -369 (base 10) in base 12?
-269
92c0 (base 13) to base 16
4f2b
What is -8572 (base 12) in base 14?
-5490
-1233 (base 5) to base 10
-193
Convert -1464 (base 7) to base 16.
-249
-a00 (base 13) to base 4
-122122
-77f5 (base 16) to base 9
-46111
What is 103 (base 5) in base 9?
31
What is 1011101001100 (base 2) in base 9?
8156
What is 22313 (base 4) in base 11?
582
What is 100000011010 (base 2) in base 14?
a82
4041 (base 6) to base 15
3e4
-11010111111010 (base 2) to base 4
-3113322
Convert -1b2 (base 15) to base 5.
-3032
What is 52b (base 15) in base 3?
1121012
What is -22570 (base 9) in base 16?
-3ac8
-1000011010101101 (base 2) to base 8
-103255
Convert 10817 (base 13) to base 9.
45048
Convert 31330 (base 5) to base 4.
200222
What is -6215 (base 7) in base 2?
-100001111000
221202 (base 3) to base 14
379
-c4c (base 15) to base 11
-20a0
-808 (base 12) to base 10
-1160
-163603 (base 7) to base 6
-410351
-32344 (base 5) to base 16
-8b0
737 (base 12) to base 10
1051
What is 33405 (base 6) in base 13?
2195
Convert -1248 (base 9) to base 14.
-4ab
What is 14350 (base 6) in base 4?
203322
260 (base 15) to base 10
540
What is -691 (base 11) in base 12?
-58a
102144 (base 5) to base 14
1368
What is 324144 (base 6) in base 11?
19198
What is 77455 (base 9) in base 5?
3121104
-298a (base 13) to base 14
-22a9
-222 (base 10) to base 12
-166
2421 (base 6) to base 11
496
Convert -3a2 (base 15) to base 11.
-692
1303 (base 10) to base 9
1707
10114 (base 5) to base 10
659
-141413 (base 5) to base 4
-1123202
Convert -110310 (base 7) to base 16.
-4ba2
What is -111111 (base 3) in base 9?
-444
What is -100200 (base 4) in base 14?
-556
1233 (base 8) to base 15
2e7
Convert 2ab (base 14) to base 7.
1404
Convert -111001100 (base 2) to base 13.
-295
-430 (base 6) to base 4
-2202
Convert 121514 (base 7) to base 8.
53300
3232312 (base 5) to base 10
55332
What is -2326 (base 8) in base 13?
-743
1222120101 (base 3) to base 8
114214
What is 13062 (base 8) in base 16?
1632
Convert -659 (base 16) to base 9.
-2205
Convert -11679 (base 12) to base 10.
-23421
What is b500 (base 16) in base 14?
12c5a
What is ee (base 16) in base 12?
17a
What is 25c (base 14) in base 9?
576
What is -20323233 (base 4) in base 7?
-211452
What is 3560 (base 14) in base 6?
111012
433136 (base 7) to base 15
175ab
Convert 809 (base 11) to base 12.
695
What is -11010010010 (base 2) in base 8?
-3222
256 (base 7) to base 12
b7
What is 1013 (base 11) in base 8?
2501
What is 469 (base 14) in base 10?
877
-1100011011 (base 2) to base 5
-11140
Convert -5060 (base 8) to base 13.
-1258
What is 2073 (base 16) in base 13?
3a20
Convert -11110001100110 (base 2) to base 5.
-443322
What is 122112 (base 5) in base 7?
16402
-240 (base 9) to base 14
-102
What is -66a (base 16) in base 13?
-994
-5620 (base 8) to base 15
-d25
1110101 (base 2) to base 16
75
Convert -557 (base 14) to base 7.
-3040
Convert -44554 (base 6) to base 15.
-1cc7
-2454 (base 8) to base 12
-924
Convert 24a9 (base 12) to base 10.
4161
442410 (base 6) to base 11
25779
Convert -88d (base 14) to base 5.
-23233
What is 171 (base 14) in base 9?
357
232021 (base 5) to base 16
20c2
-3333 (base 4) to base 3
-100110
Convert -141043 (base 5) to base 12.
-3411
Convert -5345 (base 11) to base 10.
-7067
Convert 1010100110111 (base 2) to base 9.
7404
What is -4a7 (base 11) in base 5?
-4401
Convert 253